common divisor of 53 and 42232732.
53
Calculate the greatest common divisor of 303701757 and 171.
57
What is the highest common factor of 1568 and 61376?
224
What is the greatest common factor of 85738028 and 37?
37
Calculate the highest common factor of 26549 and 6858121.
139
What is the highest common divisor of 616719 and 52779?
723
What is the greatest common divisor of 21728 and 6077729?
679
What is the highest common divisor of 52 and 1020647342?
26
What is the highest common divisor of 683 and 93094949?
683
Calculate the greatest common divisor of 3956064 and 9296.
112
Calculate the greatest common factor of 4660045 and 130.
65
What is the highest common divisor of 506 and 82958654?
46
What is the highest common factor of 87 and 4581913?
29
Calculate the highest common factor of 1001058 and 334.
2
What is the highest common factor of 318499724 and 1996?
1996
Calculate the greatest common factor of 17094 and 178673.
407
Calculate the highest common divisor of 72280 and 116740.
260
What is the greatest common factor of 28938 and 188526?
78
Calculate the greatest common factor of 4266 and 152469.
27
What is the highest common divisor of 430014 and 110994?
78
Calculate the greatest common divisor of 56750 and 4790.
10
Calculate the highest common divisor of 8551350 and 28179.
279
What is the highest common divisor of 8664590 and 88?
22
Calculate the highest common factor of 145 and 6484777.
29
What is the highest common factor of 768114 and 2104182?
2502
Calculate the highest common divisor of 62315 and 9460385.
605
What is the highest common factor of 1520 and 965120?
80
What is the greatest common factor of 1759 and 41825502?
1759
What is the greatest common factor of 385 and 160669465?
55
Calculate the greatest common divisor of 83 and 1331097228.
83
What is the greatest common factor of 11816 and 341874016?
1688
Calculate the highest common divisor of 5229073 and 353407.
2251
Calculate the greatest common divisor of 102832 and 125602861.
6427
Calculate the highest common divisor of 74547233 and 149.
149
What is the greatest common factor of 89000 and 18751855?
445
Calculate the greatest common factor of 32778 and 77696.
1214
Calculate the highest common factor of 12774259 and 164917.
1513
Calculate the highest common divisor of 70584 and 7200.
24
What is the highest common divisor of 543 and 130321086?
543
What is the highest common factor of 48754 and 18559878?
2566
What is the highest common divisor of 2645405 and 140?
35
What is the greatest common factor of 5286 and 8075246?
1762
What is the greatest common divisor of 19600 and 11728150?
2450
Calculate the greatest common factor of 28 and 31750467.
7
What is the greatest common divisor of 269360 and 21?
7
Calculate the highest common factor of 5 and 395974185.
5
What is the greatest common factor of 392 and 523192?
8
Calculate the highest common divisor of 2641422 and 488.
122
Calculate the greatest common divisor of 223328266 and 35.
7
What is the greatest common divisor of 237360 and 33130?
10
Calculate the greatest common divisor of 6 and 6870936.
6
Calculate the greatest common factor of 812958 and 759391.
3151
What is the greatest common factor of 600 and 696288?
24
What is the greatest common divisor of 885050 and 42346?
62
What is the highest common divisor of 27450875 and 275?
25
Calculate the greatest common factor of 36329 and 179656.
17
Calculate the greatest common divisor of 13209 and 2993781.
777
What is the highest common factor of 107702 and 70870114?
2198
What is the highest common factor of 35583 and 24207483?
1227
What is the highest common factor of 8 and 24664676?
4
What is the greatest common divisor of 8109143 and 1083?
361
What is the greatest common divisor of 873567 and 639?
9
Calculate the highest common factor of 330848337 and 33945.
6789
Calculate the highest common divisor of 9270 and 10033848.
1854
What is the greatest common factor of 13823 and 5177615?
601
What is the greatest common factor of 64 and 16366640?
16
What is the greatest common divisor of 3 and 163693680?
3
Calculate the greatest common divisor of 32426814 and 2842.
406
What is the greatest common divisor of 54340 and 26065?
65
Calculate the highest common divisor of 329495 and 205.
5
Calculate the highest common factor of 139 and 59958.
1
What is the highest common divisor of 74 and 8284078?
74
What is the greatest common factor of 11951548 and 44?
4
What is the greatest common factor of 13431 and 895884?
363
Calculate the highest common divisor of 464 and 47834560.
16
What is the greatest common divisor of 324 and 86120712?
108
Calculate the highest common divisor of 3738921722 and 1163.
1163
What is the highest common divisor of 587461 and 1197?
133
Calculate the greatest common divisor of 3190 and 7678.
22
What is the highest common divisor of 42 and 330438?
6
What is the highest common factor of 2772 and 29262772?
308
Calculate the greatest common divisor of 81 and 2521671.
3
What is the greatest common divisor of 4219347 and 528?
33
What is the greatest common divisor of 714 and 53040?
102
Calculate the highest common factor of 40 and 203618330.
10
What is the highest common divisor of 83271 and 61623?
123
Calculate the greatest common divisor of 7901376 and 576.
192
Calculate the greatest common divisor of 20224 and 102068.
316
What is the highest common factor of 345 and 6394890?
15
Calculate the highest common factor of 1782026224 and 6868.
6868
Calculate the greatest common factor of 130 and 16432156.
26
What is the highest common factor of 20 and 692478840?
20
Calculate the highest common factor of 1749320 and 56.
8
Calculate the highest common factor of 414590 and 4180.
110
What is the greatest common factor of 1186 and 108836848?
1186
Calculate the greatest common factor of 133845604 and 101.
101
What is the greatest common divisor of 12740 and 8223020?
260
What is the greatest common divisor of 474336 and 948?
12
Calculate the greatest common divisor of 208984604 and 25670.
5134
What is the highest common factor of 311667370 and 140?
70
Calculate the greatest common divisor of 2080 and 629980.
260
Calculate the greatest common factor of 228199275 and 8100.
2025
What is the highest common factor of 437 and 2670032?
19
What is the greatest common factor of 218 and 26399473?
109
Calculate the greatest common divisor of 64391400 and 724590.
7470
Calculate the highest common divisor of 37960 and 406900.
260
Calculate the highest common divisor of 4265088 and 8043.
1149
What is the highest common divisor of 14726448 and 2992?
176
What is the greatest common divisor of 135 and 2928685?
5
What is the highest common factor of 42059858 and 22?
2
What is the highest common divisor of 1154298 and 588?
6
Calculate the greatest common divisor of 198060 and 9060.
60
What is the greatest common factor of 318 and 43194?
6
Calculate the highest common factor of 234 and 123134778.
234
What is the greatest common factor of 35868536 and 11?
11
Calculate the highest common divisor of 36 and 389233068.
12
What is the highest common factor of 218 and 59320198?
218
What is the greatest common divisor of 5 and 109999885?
5
What is the highest common factor of 13600 and 318268900?
1700
What is the greatest common divisor of 33833989 and 322?
161
What is the greatest common divisor of 6915 and 71160?
15
Calculate the greatest common factor of 651128421 and 287.
41
What is the greatest common factor of 31540860 and 208?
52
Calculate the highest common divisor of 3153 and 468358181.
1051
Calculate the highest common divisor of 2214 and 186273.
27
What is the greatest common factor of 612 and 69638868?
612
What is the highest common factor of 158798500 and 236?
236
Calculate the highest common factor of 9149811 and 57.
57
Calculate the greatest common divisor of 3864 and 1721826.
138
Calculate the highest common factor of 6274616 and 8.
8
What is the greatest common factor of 43821 and 20691?
9
Calculate the greatest common factor of 159 and 2816049.
159
Calculate the highest common divisor of 27616 and 35008458.
1726
What is the highest common divisor of 14952 and 61531752?
2136
What is the greatest common factor of 2038218 and 25038?
78
What is the highest common factor of 1260171 and 23077677?
12